211
Convert 427 (base 14) to base 11.
685
Convert -100101111001011 (base 2) to base 10.
-19403
2b3 (base 14) to base 13
333
What is -30206 (base 7) in base 3?
-101000122
Convert -106312 (base 9) to base 13.
-22ca3
-4142 (base 5) to base 7
-1411
3420 (base 7) to base 2
10011010111
-41412 (base 5) to base 11
-2064
What is 55b (base 14) in base 3?
1110022
Convert 1101111110001 (base 2) to base 4.
1233301
Convert 878 (base 9) to base 16.
2cf
What is -455 (base 9) in base 16?
-176
Convert -bb6 (base 16) to base 15.
-d4d
2221 (base 6) to base 10
517
What is 6a4 (base 11) in base 4?
31020
-46340 (base 7) to base 6
-130445
Convert 6412 (base 9) to base 2.
1001001100101
2055 (base 7) to base 10
726
What is -42526 (base 7) in base 6?
-120511
-a76 (base 11) to base 12
-8b9
5466 (base 7) to base 10
1959
ee (base 15) to base 10
224
What is 1110101100 (base 2) in base 3?
1021211
Convert 1252 (base 11) to base 2.
11001011110
beb (base 16) to base 4
233223
Convert -310 (base 4) to base 3.
-1221
100111 (base 3) to base 11
213
What is 59d (base 15) in base 4?
103321
Convert 3133 (base 6) to base 8.
1301
What is -6946 (base 10) in base 15?
-20d1
Convert -16421 (base 10) to base 5.
-1011141
What is 3282 (base 9) in base 7?
10031
269 (base 14) to base 10
485
-12056 (base 9) to base 8
-17606
What is 10033 (base 4) in base 5?
2041
Convert 49b (base 15) to base 7.
3023
What is -3d60 (base 14) in base 11?
-8187
What is -b254 (base 15) in base 5?
-2201104
353 (base 13) to base 10
575
6788 (base 13) to base 15
4452
-239 (base 14) to base 4
-12323
243 (base 8) to base 7
322
Convert 1ecc (base 16) to base 6.
100300
-30211 (base 4) to base 9
-1084
-1250 (base 12) to base 9
-2756
Convert 405 (base 7) to base 12.
149
-121745 (base 8) to base 7
-233216
What is -15c8 (base 13) in base 6?
-22502
What is 55d (base 15) in base 7?
3352
Convert -b847 (base 16) to base 12.
-23373
What is -b789 (base 13) in base 4?
-12031313
Convert -d6c (base 16) to base 13.
-1744
What is 8b8 (base 13) in base 5?
22003
-103222 (base 4) to base 15
-58d
What is -45332 (base 10) in base 12?
-22298
Convert -368c (base 14) to base 8.
-22474
What is 2162 (base 7) in base 8?
1413
-2594b (base 13) to base 10
-69691
What is 11311320 (base 4) in base 8?
56570
-203333 (base 5) to base 4
-1220332
What is 840 (base 16) in base 12?
1280
150622 (base 7) to base 9
43847
What is -134133 (base 6) in base 16?
-3129
Convert -12032 (base 4) to base 15.
-1b8
What is -234334 (base 5) in base 13?
-3c79
Convert 2b06 (base 13) to base 11.
4780
Convert -14210 (base 6) to base 13.
-1032
Convert -56717 (base 10) to base 3.
-2212210122
Convert -11605 (base 7) to base 2.
-101111100011
-131030 (base 4) to base 8
-3514
37b (base 15) to base 4
30113
1321102 (base 4) to base 3
101122111
-148 (base 10) to base 13
-b5
421441 (base 5) to base 2
11011010101100
What is 225 (base 16) in base 6?
2313
Convert -1b (base 12) to base 14.
-19
20d7c (base 14) to base 2
10011011010000010
Convert -203011 (base 5) to base 12.
-3a07
Convert -6552 (base 9) to base 8.
-11332
What is 933 (base 13) in base 10?
1563
What is -322 (base 12) in base 13?
-293
331 (base 8) to base 6
1001
42403 (base 6) to base 9
7813
5d11 (base 16) to base 14
897b
What is 2222 (base 5) in base 8?
470
23403 (base 5) to base 13
a2c
Convert 110111011111100 (base 2) to base 14.
a4d6
Convert -102021002 (base 3) to base 8.
-20022
a8a (base 13) to base 9
2424
1a336 (base 11) to base 13
cba0
Convert 1506 (base 10) to base 4.
113202
What is 139 (base 11) in base 3?
20001
4213 (base 6) to base 11
78a
28365 (base 11) to base 6
510512
-1625 (base 8) to base 10
-917
Convert 27a (base 14) to base 3.
200112
5635 (base 8) to base 7
11445
What is -1a3 (base 15) in base 6?
-1430
Convert 2215 (base 9) to base 3.
2020112
-1240404 (base 5) to base 8
-57637
What is 128 (base 10) in base 6?
332
What is 3645 (base 7) in base 15?
606
2141 (base 6) to base 11
409
-23134 (base 5) to base 3
-2021211
-311303 (base 5) to base 4
-2133123
Convert 28204 (base 10) to base 4.
12320230
Convert 16331 (base 7) to base 5.
122003
-1264 (base 12) to base 13
-c4c
What is 1215 (base 6) in base 16?
12b
What is -4041 (base 6) in base 15?
-3e4
Convert -134400 (base 5) to base 10.
-5600
What is 102113 (base 8) in base 16?
844b
Convert -1521 (base 8) to base 4.
-31101
What is -3612 (base 7) in base 16?
-534
Convert 100110 (base 3) to base 8.
377
Convert 7578 (base 11) to base 15.
2e72
Convert 3201 (base 7) to base 15.
503
-2807 (base 9) to base 6
-13441
Convert 1001101101000 (base 2) to base 6.
35000
Convert -457 (base 11) to base 15.
-266
What is -13030 (base 4) in base 15?
-20a
What is 3145 (base 15) in base 9?
15252
Convert 111000000010010 (base 2) to base 9.
43317
221123 (base 4) to base 11
1aa0
What is 1941 (base 10) in base 16?
795
What is -645 (base 13) in base 9?
-1420
What is -3505 (base 7) in base 8?
-2377
What is -1212020200 (base 3) in base 9?
-55220
What is -61080 (base 10) in base 11?
-41988
What is 439 (base 16) in base 9?
1431
What is -236 (base 10) in base 16?
-ec
-9c00 (base 16) to base 12
-1b140
Convert 22037 (base 8) to base 3.
110200111
What is -35 (base 14) in base 4?
-233
7849 (base 11) to base 3
112011220
a0a2 (base 13) to base 5
1201402
What is -17cc (base 16) in base 15?
-1c12
206035 (base 7) to base 2
1000101101110010
What is a1 (base 16) in base 8?
241
-3323 (base 9) to base 6
-15203
Convert -520 (base 8) to base 3.
-110110
What is 63b (base 12) in base 3?
1020202
322154 (base 6) to base 15
7c67
404233 (base 6) to base 14
b981
-1100001000 (base 2) to base 9
-1052
What is 201111 (base 3) in base 16?
20e
What is -110222210 (base 3) in base 8?
-22377
-1101 (base 9) to base 11
-678
Convert 10011011101 (base 2) to base 3.
1201010
21220 (base 4) to base 10
616
What is -61265 (base 7) in base 3?
-202102122
Convert 11077 (base 13) to base 8.
74210
985 (base 10) to base 14
505
1dee (base 16) to base 6
55250
-1148 (base 14) to base 5
-44004
What is 4758 (base 9) in base 6?
24212
3601 (base 15) to base 14
427a
Convert -111001010110110 (base 2) to base 5.
-1414431
What is -1518 (base 11) in base 15?
-8a5
What is -1194 (base 12) in base 11?
-1544
Convert 22005 (base 9) to base 7.
60344
What is -c5 (base 13) in base 14?
-b7
Convert 202230 (base 4) to base 9.
3036
Convert 2198 (base 11) to base 13.
1414
What is 1101010010001 (base 2) in base 6?
51253
-11011111110100 (base 2) to base 7
-56522
-2022121 (base 3) to base 8
-3232
1978 (base 10) to base 3
2201021
What is -4d0 (base 16) in base 13?
-73a
What is -4a (base 16) in base 9?
-82
5554 (base 6) to base 12
8ba
Convert 111102201 (base 3) to base 4.
2121001
What is 7638 (base 9) in base 14?
209a
Convert -133323 (base 4) to base 13.
-c12
Convert 25a (base 13) to base 6.
1525
Convert -65556 (base 7) to base 16.
-4017
-11112110 (base 3) to base 13
-1674
What is 132131 (base 4) in base 9?
2605
Convert -1f (base 16) to base 4.
-133
What is -17957 (base 13) in base 3?
-2022110102
Convert 264 (base 9) to base 6.
1004
What is -423 (base 13) in base 4?
-23001
Convert -100211211 (base 3) to base 5.
-212202
Convert 4330311 (base 5) to base 6.
1325451
What is da (base 16) in base 7?
431
-226a (base 12) to base 5
-110301
Convert -a77 (base 15) to base 3.
-10020111
Convert -12330300 (base 4) to base 14.
-a532
Convert -47e (base 15) to base 11.
-847
What is -1599 (base 12) in base 4?
-220011
Convert -50e4 (base 15) to base 10.
-17089
Convert 1101100011 (base 2) to base 7.
2346
Convert -697 (base 11) to base 2.
-1101000000
32124 (base 5) to base 15
994
What is 824 (base 14) in base 2?
11001000000
Convert 5b6 (base 13) to base 8.
1742
-2541 (base 7) to base 11
-7a3
Convert -436 (base 10) to base 8.
-664
101011100 (base 3) to base 5
214112
Convert 212043 (base 5) to base 13.
333b
Convert -2022 (base 5) to base 4.
-10012
Convert -104004 (base 5) to base 12.
-2125
Convert -2202022112 (base 3) to base 8.
-151640
1110111010000 (base 2) to base 13
3621
What is -10011011 (base 2) in base 9?
-182
What is 221112 (base 3) in base 9?
845
Convert -1021012221 (base 3) to base 11.
-17819
Convert -30 (base 4) to base 3.
-110
Convert -100101000101110 (base 2) to base 7.
-106236
What is 42153 (base 6) in base 4?
1120311
What is 2797 (base 11) in base 14?
1463
Convert -12030 (base 6) to base